[INFO] fetching crate get-cookie 0.2.0...
[INFO] checking get-cookie-0.2.0 against master#e6e4f7ed1589e03bc2f6c5931c1a72e7947e8682 for beta-170-4
[INFO] extracting crate get-cookie 0.2.0 into /workspace/builds/worker-1-tc2/source
[INFO] validating manifest of crates.io crate get-cookie 0.2.0 on toolchain e6e4f7ed1589e03bc2f6c5931c1a72e7947e8682
[INFO] running `Command { std: CARGO_HOME="/workspace/cargo-home" RUSTUP_HOME="/workspace/rustup-home" "/workspace/cargo-home/bin/cargo" "+e6e4f7ed1589e03bc2f6c5931c1a72e7947e8682" "metadata" "--manifest-path" "Cargo.toml" "--no-deps", kill_on_drop: false }`
[INFO] started tweaking crates.io crate get-cookie 0.2.0
[INFO] finished tweaking crates.io crate get-cookie 0.2.0
[INFO] tweaked toml for crates.io crate get-cookie 0.2.0 written to /workspace/builds/worker-1-tc2/source/Cargo.toml
[INFO] running `Command { std: CARGO_HOME="/workspace/cargo-home" RUSTUP_HOME="/workspace/rustup-home" __CARGO_TEST_CHANNEL_OVERRIDE_DO_NOT_USE_THIS="nightly" "/workspace/cargo-home/bin/cargo" "+e6e4f7ed1589e03bc2f6c5931c1a72e7947e8682" "generate-lockfile" "--manifest-path" "Cargo.toml" "-Zno-index-update", kill_on_drop: false }`
[INFO] running `Command { std: CARGO_HOME="/workspace/cargo-home" RUSTUP_HOME="/workspace/rustup-home" "/workspace/cargo-home/bin/cargo" "+e6e4f7ed1589e03bc2f6c5931c1a72e7947e8682" "fetch" "--manifest-path" "Cargo.toml", kill_on_drop: false }`
[INFO] running `Command { std: "docker" "create" "-v" "/var/lib/crater-agent-workspace/builds/worker-1-tc2/target:/opt/rustwide/target:rw,Z" "-v" "/var/lib/crater-agent-workspace/builds/worker-1-tc2/source:/opt/rustwide/workdir:ro,Z" "-v" "/var/lib/crater-agent-workspace/cargo-home:/opt/rustwide/cargo-home:ro,Z" "-v" "/var/lib/crater-agent-workspace/rustup-home:/opt/rustwide/rustup-home:ro,Z" "-e" "SOURCE_DIR=/opt/rustwide/workdir" "-e" "CARGO_TARGET_DIR=/opt/rustwide/target" "-e" "CARGO_HOME=/opt/rustwide/cargo-home" "-e" "RUSTUP_HOME=/opt/rustwide/rustup-home" "-w" "/opt/rustwide/workdir" "-m" "1610612736" "--user" "0:0" "--network" "none" "ghcr.io/rust-lang/crates-build-env/linux@sha256:19e73879b68f455e41552ea35293514db52ea292d993f571636dbffedb77a1ee" "/opt/rustwide/cargo-home/bin/cargo" "+e6e4f7ed1589e03bc2f6c5931c1a72e7947e8682" "metadata" "--no-deps" "--format-version=1", kill_on_drop: false }`
[INFO] [stdout] 4373f758771ac766b6ddd8850dd7b7cd87675c1381ce8ae9a035548471f189bb
[INFO] running `Command { std: "docker" "start" "-a" "4373f758771ac766b6ddd8850dd7b7cd87675c1381ce8ae9a035548471f189bb", kill_on_drop: false }`
[INFO] running `Command { std: "docker" "inspect" "4373f758771ac766b6ddd8850dd7b7cd87675c1381ce8ae9a035548471f189bb", kill_on_drop: false }`
[INFO] running `Command { std: "docker" "rm" "-f" "4373f758771ac766b6ddd8850dd7b7cd87675c1381ce8ae9a035548471f189bb", kill_on_drop: false }`
[INFO] [stdout] 4373f758771ac766b6ddd8850dd7b7cd87675c1381ce8ae9a035548471f189bb
[INFO] running `Command { std: "docker" "create" "-v" "/var/lib/crater-agent-workspace/builds/worker-1-tc2/target:/opt/rustwide/target:rw,Z" "-v" "/var/lib/crater-agent-workspace/builds/worker-1-tc2/source:/opt/rustwide/workdir:ro,Z" "-v" "/var/lib/crater-agent-workspace/cargo-home:/opt/rustwide/cargo-home:ro,Z" "-v" "/var/lib/crater-agent-workspace/rustup-home:/opt/rustwide/rustup-home:ro,Z" "-e" "SOURCE_DIR=/opt/rustwide/workdir" "-e" "CARGO_TARGET_DIR=/opt/rustwide/target" "-e" "CARGO_INCREMENTAL=0" "-e" "RUST_BACKTRACE=full" "-e" "RUSTFLAGS=--cap-lints=forbid" "-e" "RUSTDOCFLAGS=--cap-lints=forbid" "-e" "CARGO_HOME=/opt/rustwide/cargo-home" "-e" "RUSTUP_HOME=/opt/rustwide/rustup-home" "-w" "/opt/rustwide/workdir" "-m" "1610612736" "--user" "0:0" "--network" "none" "ghcr.io/rust-lang/crates-build-env/linux@sha256:19e73879b68f455e41552ea35293514db52ea292d993f571636dbffedb77a1ee" "/opt/rustwide/cargo-home/bin/cargo" "+e6e4f7ed1589e03bc2f6c5931c1a72e7947e8682" "check" "--frozen" "--all" "--all-targets" "--message-format=json", kill_on_drop: false }`
[INFO] [stdout] 429ec8d993e1ce5ea815612423d13bf76d738e40b3d35ccbce1959b47ff4bf3b
[INFO] running `Command { std: "docker" "start" "-a" "429ec8d993e1ce5ea815612423d13bf76d738e40b3d35ccbce1959b47ff4bf3b", kill_on_drop: false }`
[INFO] [stderr]    Compiling num-traits v0.2.15
[INFO] [stderr]    Compiling syn v1.0.109
[INFO] [stderr]    Compiling futures-core v0.3.28
[INFO] [stderr]    Compiling syn v2.0.18
[INFO] [stderr]    Compiling num-integer v0.1.45
[INFO] [stderr]     Checking once_cell v1.17.2
[INFO] [stderr]     Checking futures-io v0.3.28
[INFO] [stderr]    Compiling serde v1.0.163
[INFO] [stderr]    Compiling indexmap v1.9.3
[INFO] [stderr]    Compiling toml_datetime v0.6.2
[INFO] [stderr]    Compiling crossbeam-utils v0.8.15
[INFO] [stderr]    Compiling winnow v0.4.6
[INFO] [stderr]     Checking futures-sink v0.3.28
[INFO] [stderr]    Compiling io-lifetimes v1.0.11
[INFO] [stderr]     Checking futures-channel v0.3.28
[INFO] [stderr]    Compiling memoffset v0.6.5
[INFO] [stderr]    Compiling polling v2.8.0
[INFO] [stderr]    Compiling num-bigint v0.4.3
[INFO] [stderr]    Compiling rustix v0.37.19
[INFO] [stderr]     Checking digest v0.9.0
[INFO] [stderr]    Compiling ahash v0.8.3
[INFO] [stderr]    Compiling num-rational v0.4.1
[INFO] [stderr]    Compiling async-io v1.13.0
[INFO] [stderr]    Compiling num-iter v0.1.43
[INFO] [stderr]     Checking linux-raw-sys v0.3.8
[INFO] [stderr]     Checking parking v2.1.0
[INFO] [stderr]     Checking futures-lite v1.13.0
[INFO] [stderr]     Checking crypto-mac v0.11.1
[INFO] [stderr]     Checking concurrent-queue v2.2.0
[INFO] [stderr]    Compiling toml_edit v0.19.10
[INFO] [stderr]     Checking block-padding v0.3.3
[INFO] [stderr]     Checking cipher v0.3.0
[INFO] [stderr]    Compiling libsqlite3-sys v0.26.0
[INFO] [stderr]     Checking inout v0.1.3
[INFO] [stderr]     Checking nix v0.22.3
[INFO] [stderr]     Checking hmac v0.11.0
[INFO] [stderr]     Checking num-complex v0.4.3
[INFO] [stderr]     Checking nb-connect v1.2.0
[INFO] [stderr]     Checking block-buffer v0.9.0
[INFO] [stderr]     Checking crypto-common v0.1.6
[INFO] [stderr]     Checking block-padding v0.2.1
[INFO] [stderr]     Checking scoped-tls v1.0.1
[INFO] [stderr]    Compiling ring v0.16.20
[INFO] [stderr]     Checking num v0.4.0
[INFO] [stderr]     Checking block-modes v0.8.1
[INFO] [stderr]     Checking cipher v0.4.4
[INFO] [stderr]    Compiling toml v0.5.11
[INFO] [stderr]    Compiling proc-macro-crate v1.3.1
[INFO] [stderr]     Checking sha2 v0.9.9
[INFO] [stderr]     Checking hkdf v0.11.0
[INFO] [stderr]     Checking hashbrown v0.13.2
[INFO] [stderr]     Checking rand v0.8.5
[INFO] [stderr]     Checking aes v0.7.5
[INFO] [stderr]     Checking hashlink v0.8.2
[INFO] [stderr]    Compiling proc-macro-crate v0.1.5
[INFO] [stderr]     Checking untrusted v0.7.1
[INFO] [stderr]     Checking spin v0.5.2
[INFO] [stderr]    Compiling serde_derive v1.0.163
[INFO] [stderr]    Compiling futures-macro v0.3.28
[INFO] [stderr]    Compiling serde_repr v0.1.12
[INFO] [stderr]    Compiling thiserror-impl v1.0.40
[INFO] [stderr]     Checking bitflags v2.3.1
[INFO] [stderr]     Checking rusqlite v0.29.0
[INFO] [stderr]     Checking chrono v0.4.26
[INFO] [stderr]     Checking aes v0.8.2
[INFO] [stderr]     Checking cbc v0.1.2
[INFO] [stderr]     Checking futures-util v0.3.28
[INFO] [stderr]    Compiling enumflags2_derive v0.6.4
[INFO] [stderr]    Compiling zvariant_derive v2.10.0
[INFO] [stderr]    Compiling zbus_macros v1.9.3
[INFO] [stderr]    Compiling derivative v2.2.0
[INFO] [stderr]     Checking thiserror v1.0.40
[INFO] [stderr]     Checking futures-executor v0.3.28
[INFO] [stderr]     Checking futures v0.3.28
[INFO] [stderr]     Checking enumflags2 v0.6.4
[INFO] [stderr]     Checking zvariant v2.10.0
[INFO] [stderr]     Checking zbus v1.9.3
[INFO] [stderr]     Checking secret-service v2.0.2
[INFO] [stderr]     Checking keyring v1.2.1
[INFO] [stderr]     Checking get-cookie v0.2.0 (/opt/rustwide/workdir)
[INFO] [stdout] warning: unused import: `dirs::home_dir`
[INFO] [stdout]  --> src/chrome/mod.rs:3:5
[INFO] [stdout]   |
[INFO] [stdout] 3 | use dirs::home_dir;
[INFO] [stdout]   |     ^^^^^^^^^^^^^^
[INFO] [stdout]   |
[INFO] [stdout]   = note: `#[warn(unused_imports)]` on by default
[INFO] [stdout] 
[INFO] [stdout] 
[INFO] [stdout] warning: unused import: `dirs::home_dir`
[INFO] [stdout]  --> src/chrome/mod.rs:3:5
[INFO] [stdout]   |
[INFO] [stdout] 3 | use dirs::home_dir;
[INFO] [stdout]   |     ^^^^^^^^^^^^^^
[INFO] [stdout]   |
[INFO] [stdout]   = note: `#[warn(unused_imports)]` on by default
[INFO] [stdout] 
[INFO] [stdout] 
[INFO] [stdout] error[E0425]: cannot find function `chrome_profile_dir` in this scope
[INFO] [stdout]   --> src/chrome/mod.rs:28:22
[INFO] [stdout]    |
[INFO] [stdout] 28 |     let mut result = chrome_profile_dir()?;
[INFO] [stdout]    |                      ^^^^^^^^^^^^^^^^^^ not found in this scope
[INFO] [stdout] 
[INFO] [stdout] 
[INFO] [stdout] error[E0425]: cannot find function `chrome_profile_dir` in this scope
[INFO] [stdout]   --> src/chrome/mod.rs:28:22
[INFO] [stdout]    |
[INFO] [stdout] 28 |     let mut result = chrome_profile_dir()?;
[INFO] [stdout]    |                      ^^^^^^^^^^^^^^^^^^ not found in this scope
[INFO] [stdout] 
[INFO] [stdout] 
[INFO] [stdout] error[E0425]: cannot find function `decrypt_encrypted_cookie` in this scope
[INFO] [stdout]   --> src/chrome/mod.rs:84:42
[INFO] [stdout]    |
[INFO] [stdout] 57 | fn get_encrypted_cookie(domain: &str, cookie_name: &str) -> Result<Cookie, GetCookieError> {
[INFO] [stdout]    | ------------------------------------------------------------------------------------------ similarly named function `get_encrypted_cookie` defined here
[INFO] [stdout] ...
[INFO] [stdout] 84 |         cookie.value = CookieValue::Text(decrypt_encrypted_cookie(encrypted)?)
[INFO] [stdout]    |                                          ^^^^^^^^^^^^^^^^^^^^^^^^ help: a function with a similar name exists: `get_encrypted_cookie`
[INFO] [stdout] 
[INFO] [stdout] 
[INFO] [stdout] error[E0425]: cannot find function `decrypt_encrypted_cookie` in this scope
[INFO] [stdout]   --> src/chrome/mod.rs:84:42
[INFO] [stdout]    |
[INFO] [stdout] 57 | fn get_encrypted_cookie(domain: &str, cookie_name: &str) -> Result<Cookie, GetCookieError> {
[INFO] [stdout]    | ------------------------------------------------------------------------------------------ similarly named function `get_encrypted_cookie` defined here
[INFO] [stdout] ...
[INFO] [stdout] 84 |         cookie.value = CookieValue::Text(decrypt_encrypted_cookie(encrypted)?)
[INFO] [stdout]    |                                          ^^^^^^^^^^^^^^^^^^^^^^^^ help: a function with a similar name exists: `get_encrypted_cookie`
[INFO] [stdout] 
[INFO] [stdout] 
[INFO] [stdout] error: aborting due to 2 previous errors; 1 warning emitted
[INFO] [stdout] 
[INFO] [stdout] 
[INFO] [stdout] For more information about this error, try `rustc --explain E0425`.
[INFO] [stdout] 
[INFO] [stdout] error: aborting due to 2 previous errors; 1 warning emitted
[INFO] [stdout] 
[INFO] [stdout] 
[INFO] [stdout] For more information about this error, try `rustc --explain E0425`.
[INFO] [stdout] 
[INFO] [stderr] error: could not compile `get-cookie` (lib) due to 3 previous errors; 1 warning emitted
[INFO] [stderr] warning: build failed, waiting for other jobs to finish...
[INFO] [stderr] error: could not compile `get-cookie` (lib test) due to 3 previous errors; 1 warning emitted
[INFO] running `Command { std: "docker" "inspect" "429ec8d993e1ce5ea815612423d13bf76d738e40b3d35ccbce1959b47ff4bf3b", kill_on_drop: false }`
[INFO] running `Command { std: "docker" "rm" "-f" "429ec8d993e1ce5ea815612423d13bf76d738e40b3d35ccbce1959b47ff4bf3b", kill_on_drop: false }`
[INFO] [stdout] 429ec8d993e1ce5ea815612423d13bf76d738e40b3d35ccbce1959b47ff4bf3b
